igit of w?
6
Let c(w) = -3*w - 13. Suppose 0*k + 5*k = -t - 47, 5*t = -3*k - 37. What is the units digit of c(k)?
4
Let m(r) = 36*r**2 + 3*r + 2. What is the tens digit of m(-2)?
4
Let x(p) = 2*p + 5. What is the tens digit of x(7)?
1
What is the tens digit of 2/(-4)*-410 + 0 + 1?
0
Let x(n) = 135*n**3 - 2*n**2 - n + 2. What is the tens digit of x(1)?
3
Suppose 2*h = -3*h - 5*u + 45, -3*u + 3 = -3*h. Suppose 0 = n - 4*f - 37, -17 = -3*n - h*f + 14. What is the units digit of n?
7
What is the hundreds digit of -3 - ((-7225)/30 - 1/6)?
2
Let g(h) = -h**2 - 4*h - 2. Let j be g(-4). What is the units digit of 4/j + -3 + 7?
2
Let z(v) = v**3 - 6*v**2 - 6*v - 7. Let k be z(7). Let o = k - -20. What is the units digit of o?
0
Suppose -4*p + 8 + 148 = 0. Let i be p/9 + 1/(-3). Suppose 5*t - 10 = i*t. What is the units digit of t?
0
Suppose -3*u + 12 = u. Suppose 4*m - 20 = 0, u*k + 3*m = 6 - 3. Let d = 5 + k. What is the units digit of d?
1
Let g = -7 + 7. Suppose 4*i + 0*a + 2*a = 16, -i - 3*a + 14 = g. What is the units digit of 6/8 + i/8?
1
Let g(x) = x**3 + x + 9. Suppose -4*q = 4*n + 2 + 10, 16 = -4*n. Let i be q/3 + (-11)/33. What is the units digit of g(i)?
9
Suppose -4*r = -l - 11 - 129, 4*r - 5*l = 124. Suppose -3*p - r = -5*p. What is the units digit of p?
8
Let k(q) = 5*q + 7. Let x be k(-5). Let l = -6 - x. What is the tens digit of l?
1
Suppose -2*w - 4*g - 10 = -58, -5*w = -5*g - 180. What is the tens digit of w?
3
Suppose 320 = 4*y + y. What is the tens digit of y?
6
Let q = -13 - -19. Suppose -q - 2 = -4*r. What is the units digit of r?
2
Let k be 4/6 - (-28)/12. Suppose p - 4*p - 6 = -2*w, -k*p - 12 = -4*w. Suppose p = 5*n - 2*g + g - 43, -23 = -3*n + 2*g. What is the units digit of n?
9
Suppose 2*u - 5*g = 4*u - 18, 2*u - 3*g = 2. Let v = 8 + -8. Suppose 28 = 5*r - u*n, 24 = 5*r - v*r - 2*n. What is the units digit of r?
4
Let m be 1*(-3)/((-3)/19). Suppose 1 + m = 4*l. What is the units digit of l?
5
Let j(m) = -7*m**2 - 19*m + 39. Let h(b) = 3*b**2 + 10*b - 19. Let o(d) = 9*h(d) + 4*j(d). What is the units digit of o(10)?
5
Suppose -13 = -2*y + 5*p, 0*p + p + 17 = 4*y. Let d be ((-6)/4)/((-2)/y). Suppose -11 = -d*c + 10. What is the units digit of c?
7
Let z(c) = -5*c**3 + 5*c**2 + 7*c - 7. Let f(v) = 4*v**3 - 4*v**2 - 6*v + 8. Let s(d) = 6*f(d) + 5*z(d). What is the units digit of s(0)?
3
Let u = -1 - -6. Let t(z) = -z + 6. Let f be t(u). Suppose -3*a - f = -10. What is the units digit of a?
3
Let x(v) = 51*v + 4. What is the hundreds digit of x(2)?
1
Suppose -5*w + 9 + 11 = 0. Suppose -w*n + 101 = 3*b - 4*b, 51 = 2*n - b. What is the units digit of n?
5
Suppose -5*k - y - 7 + 34 = 0, -5*k + 15 = -5*y. Suppose 0 = -5*d + 3*d - 5*q + 18, -k*d - 4*q = -45. Let w = d - -2. What is the units digit of w?
1
Let r be (15 + -1)*(-5)/10. Let m(t) = -2*t + 7. What is the tens digit of m(r)?
2
Let o(b) = -b**2 - 9 - b - 3*b - 8*b. Let h be (-1 - 0) + -6 + -2. What is the units digit of o(h)?
8
Let o be 2/4 + (-17)/2. Let n(j) = j**3 + 7*j**2 - 9*j - 4. Let u be n(o). Suppose 3*t - a - 4*a = 25, 31 = t + u*a. What is the tens digit of t?
1
Suppose 0 = 45*w - 46*w + 98. What is the units digit of w?
8
Suppose -c + 5 = -25. What is the units digit of c?
0
Let o = 76 - 54. What is the tens digit of o?
2
Let l be 15/6 + (-1)/2. Suppose -5*i - 30 = 5*d, d + 26 = -3*i - l*i. What is the units digit of (-1*4*2)/d?
8
What is the tens digit of (-4 - (0 - 3))*-14?
1
Suppose 6*j - 3*j = 0. Let v be 1/(-4) - (-18)/8. What is the units digit of (2 - (2 + j)) + v?
2
Let k = 0 - -2. What is the units digit of (1/k)/((-2)/(-24))?
6
Suppose -5*z + 547 = 22. What is the tens digit of z?
0
Suppose 4*m - 2*y - 3*y - 131 = 0, 3*m + 3*y - 78 = 0. Suppose -3*s + 1 = -2*d - 1, -s = 5*d - m. What is the units digit of s?
4
Let d = 47 + 37. What is the units digit of d?
4
Let q(z) = -34*z + 6. What is the tens digit of q(-4)?
4
Let r be 1/((-3)/(-74 + -4)). Let m = r + 21. What is the units digit of m?
7
Let s(q) = 2*q - 3. Let x be s(3). Let p be (-5)/x + 2/(-6). What is the units digit of (-5)/(15/12)*p?
8
Suppose 0*i + i + l = 128, 0 = -5*i - 2*l + 637. What is the hundreds digit of i?
1
What is the tens digit of (-364)/(-7) + (-8)/(-2)?
5
What is the tens digit of (-15)/(-45)*(0 + 60)?
2
Let k = -2 + 1. Let j(p) = 6*p**2 + p. Let x be j(k). Suppose x*v - 1 = 64. What is the tens digit of v?
1
Suppose 3*i + 158 = 5*h - 570, 2*h - 5*i = 295. What is the tens digit of h?
4
Suppose 3*q + 3 = 24. Let d = q + -6. Suppose 4*y - 21 = 5*v, y - 7 = 2*v - d. What is the units digit of y?
4
Let z = 412 + -246. What is the tens digit of z?
6
Suppose 2*w + 74 = -4*g, 4*g - w = -2*w - 73. Let c be (-2)/8 - g/8. Suppose 3*y - 2*a = c, 7 + 1 = 5*y - a. What is the units digit of y?
2
Let t be 3/(-12) - (-1)/4. Suppose -4*n + b + 84 = 2*b, -3*b + 12 = t. Suppose -3*r = -r - n. What is the units digit of r?
0
Suppose -5*j = -j - 8. Suppose 6*w - j*w = -20, u + 4*w = -86. What is the units digit of u/(-9)*6/4?
1
Let k(h) be the third derivative of 0 + 0*h + 5/12*h**4 + 0*h**3 - 1/60*h**5 + h**2. What is the units digit of k(9)?
9
Let h be (-33)/(-3 + 6) + -4. Let p = -2 - h. What is the units digit of p?
3
Suppose o + 10 = 6*o. Let w = 8 + o. What is the tens digit of w?
1
Let g(l) be the third derivative of l**4/12 - 11*l**3/6 - 2*l**2. Let n be g(8). Suppose 0 = 2*u + 5*p - 28, -5*p + 14 - 84 = -n*u. What is the tens digit of u?
1
Let t = -33 + 69. Let x = 58 - t. What is the units digit of x?
2
Let d = 12 - 12. Suppose c + 2*t = d, c + 0*t = -4*t - 2. What is the units digit of c?
2
Suppose 3*b - 311 = 5*k, 4*b - 246 = 4*k + 174. What is the units digit of b?
7
Let f(q) = -q + 2. Let h be f(1). Let u = -53 + 52. What is the units digit of u - 1 - (-7 - h)?
6
Suppose -3*t - 9 = 0, -t = -3*z + t + 21. Suppose -2*g - 3*n = -9, -7 = -5*g + g + z*n. Suppose -2*v = -v + g*q + 5, 12 = -4*q. What is the units digit of v?
4
Let j(x) be the second derivative of x**4/12 + 4*x**2 + x. Let b = -3 - -3. What is the units digit of j(b)?
8
Suppose -3*p = 5*k - 382, -3*p - p + 4*k = -520. What is the tens digit of p?
2
Suppose -8 = -2*g - 2*g. Suppose 4*p - 5*p = -7. Suppose 0 = -x - g*x + 3, p = 2*w - x. What is the units digit of w?
4
Let l(p) = p**2 + 5*p + 6. Let a be l(-5). Suppose -2*f = 2*n - 18, 5*f = 4*n - a*n + 30. What is the units digit of f?
4
Suppose -5*b + b = -228. What is the tens digit of b?
5
Let m(w) = w - 1. Let v be m(3). Suppose -2*x - v*x + 5 = k, 0 = -k - x + 17. What is the tens digit of k?
2
Let b = 51 + -26. What is the tens digit of b?
2
Suppose 2*y - 5*y = -18. Suppose y*n - 180 = -24. What is the units digit of n?
6
Suppose 0 = d - 1 - 5. What is the units digit of d?
6
Suppose 18 = 3*g + 6, 26 = -2*x - 5*g. Let o = x + 16. What is the tens digit of 2/o - (-86)/7?
1
Suppose 0 = g + g - 4. Suppose 0 = -g*q + 21 + 19. What is the units digit of q?
0
Suppose -4*b = 5*i - 8, 3*i - 21 = -0*i + 3*b. Suppose -5*r + 20 = -4*v, 4*r + 3*v + v = 16. Suppose 4 + i = r*t. What is the units digit of t?
2
What is the units digit of 4/(-7) - (-768)/21?
6
Suppose 5*b - 4 = 3*b. Let n(r) = r**2 - 1 + 4 + 7*r - b*r. What is the units digit of n(-5)?
3
Suppose -9 = -4*p + 3*y + 28, 0 = -p - 4*y + 14. Suppose -2*g = -2*b - 10, 2*g - 12 = 5*b + p. What is the units digit of 14/b*(-2 + 0)?
7
Suppose 0 = -2*c + 5*c - 3. Let b(g) = -g**2 + 2 + 2*g**2 - c. What is the units digit of b(4)?
7
Let l(z) = -11*z + 6. What is the tens digit of l(-3)?
3
Let u(x) = -x**3 - 9*x**2 - 11*x + 6. What is the tens digit of u(-8)?
3
Let r(l) = 5*l. Let u be r(1). Let f = -2 + u. Suppose n = -b + f*b + 7, 3*n + 4*b - 31 = 0. What is the units digit of n?
9
Suppose 30 = 3*l - 8*l. Let m(h) = h**3 + 5*h**2 - 9*h - 4. What is the tens digit of m(l)?
1
Let a = 3 + -3. Suppose a = -o + 3 + 1. What is the units digit of o?
4
Let l(q) = -32*q**2. Let r be l(-1). Let m be (r/(-20))/((-4)/(-10)). Suppose -5*g + 5*w + 105 = 0, 5*g + m*w - 105 = -0*w. What is the units digit of g?
1
Let p be 3/(0 - -3)*5. Let g(m) = 4*m - 2. What is the units digit of g(p)?
8
What is the units digit of 4/(-8 - -4) - -82?
1
Suppose 2*v - 7*v = -260. What is the tens digit of v?
5
Let z(a) = a**2 - 5*a - 14. Let q be z(10). Let s = 